{"id":58,"date":"2024-01-11T14:18:15","date_gmt":"2024-01-11T13:18:15","guid":{"rendered":"http:\/\/frenchbubble.fr\/?page_id=58"},"modified":"2025-09-04T14:07:43","modified_gmt":"2025-09-04T12:07:43","slug":"le-logement","status":"publish","type":"page","link":"https:\/\/frenchbubble.fr\/index.php\/le-logement\/","title":{"rendered":"Le logement"},"content":{"rendered":"\n<div style=\"height:55px\" aria-hidden=\"true\" class=\"wp-block-spacer\"><\/div>\n\n\n\n<p class=\"has-medium-font-size\">Bienvenue au c\u0153ur du centre historique de Pau, face au ch\u00e2teau du Roi Henri IV, o\u00f9 tout se d\u00e9couvre \u00e0 pied. Cet appartement a \u00e9t\u00e9 soigneusement r\u00e9nov\u00e9 pour vous offrir le confort d&rsquo;une suite d&rsquo;h\u00f4tel.&nbsp;Venez profiter d&rsquo;une literie haut de gamme pour vous reposer. Fl\u00e2nez dans les ruelles pi\u00e9tonnes, riches en arts et en histoire, o\u00f9 les amateurs de bonne ch\u00e8re seront combl\u00e9s. <\/p>\n\n\n\n<p class=\"has-medium-font-size\">Profitez d&rsquo;une proximit\u00e9 imm\u00e9diate avec la gare, d&rsquo;un parking \u00e0 200m, et de l&rsquo;acc\u00e8s direct aux quartiers les plus pris\u00e9s de Pau.<\/p>\n\n\n\n<div style=\"height:50px\" aria-hidden=\"true\" class=\"wp-block-spacer\"><\/div>\n\n\n\n<figure class=\"wp-block-image size-large\"><img fetchpriority=\"high\" decoding=\"async\" width=\"900\" height=\"508\" src=\"https:\/\/frenchbubble.fr\/wp-content\/uploads\/2025\/08\/La-Vue-Royale-PAU-salon--900x508.jpg\" alt=\"\" class=\"wp-image-1622\" srcset=\"https:\/\/frenchbubble.fr\/wp-content\/uploads\/2025\/08\/La-Vue-Royale-PAU-salon--900x508.jpg 900w, https:\/\/frenchbubble.fr\/wp-content\/uploads\/2025\/08\/La-Vue-Royale-PAU-salon--250x141.jpg 250w, https:\/\/frenchbubble.fr\/wp-content\/uploads\/2025\/08\/La-Vue-Royale-PAU-salon--768x434.jpg 768w, https:\/\/frenchbubble.fr\/wp-content\/uploads\/2025\/08\/La-Vue-Royale-PAU-salon--1140x644.jpg 1140w, https:\/\/frenchbubble.fr\/wp-content\/uploads\/2025\/08\/La-Vue-Royale-PAU-salon-.jpg 1371w\" sizes=\"(max-width: 900px) 100vw, 900px\" \/><\/figure>\n\n\n\n<div style=\"height:50px\" aria-hidden=\"true\" class=\"wp-block-spacer\"><\/div>\n\n\n\n<h2 class=\"wp-block-heading\">Comment est \u00e9quip\u00e9 le logement ?<\/h2>\n\n\n\n<p class=\"has-medium-font-size\">Durant votre s\u00e9jour, vous disposerez d&rsquo;un<strong> logement ind\u00e9pendant. <\/strong>C&rsquo;est un appartement de 40 m2 avec <strong>cuisine<\/strong> et <strong>salle de bains<\/strong>, situ\u00e9 au troisi\u00e8me \u00e9tage d&rsquo;un b\u00e2timent du XIX\u00e8me si\u00e8cle. L&rsquo;ascenseur vous facilitera son acc\u00e8s, notamment lors de votre d\u00e9part et de votre arriv\u00e9e avec vos bagages.<\/p>\n\n\n\n<div style=\"height:50px\" aria-hidden=\"true\" class=\"wp-block-spacer\"><\/div>\n\n\n\n<figure class=\"wp-block-image size-large\"><img decoding=\"async\" width=\"900\" height=\"506\" src=\"https:\/\/frenchbubble.fr\/wp-content\/uploads\/2025\/08\/CUISINE-900x506.jpeg\" alt=\"\" class=\"wp-image-1623\" srcset=\"https:\/\/frenchbubble.fr\/wp-content\/uploads\/2025\/08\/CUISINE-900x506.jpeg 900w, https:\/\/frenchbubble.fr\/wp-content\/uploads\/2025\/08\/CUISINE-250x141.jpeg 250w, https:\/\/frenchbubble.fr\/wp-content\/uploads\/2025\/08\/CUISINE-768x432.jpeg 768w, https:\/\/frenchbubble.fr\/wp-content\/uploads\/2025\/08\/CUISINE-1140x641.jpeg 1140w, https:\/\/frenchbubble.fr\/wp-content\/uploads\/2025\/08\/CUISINE.jpeg 1200w\" sizes=\"(max-width: 900px) 100vw, 900px\" \/><\/figure>\n\n\n\n<div style=\"height:50px\" aria-hidden=\"true\" class=\"wp-block-spacer\"><\/div>\n\n\n\n<p class=\"has-medium-font-size\">La <strong>cuisine<\/strong> est <strong>enti\u00e8rement \u00e9quip\u00e9e<\/strong> avec tout le n\u00e9cessaire pour pr\u00e9parer vos repas si vous le souhaitez : machine \u00e0 caf\u00e9 Nespresso, bouilloire, grille-pain, lave-vaisselle, four, micro-ondes, verres \u00e0 vin, tire-bouchon et tous les ustensiles n\u00e9cessaires. Vous pourrez \u00e9galement ne pas vous embarrasser si vous n\u2019aimez pas cuisiner car il y a un large choix de restaurants dans les alentours.<\/p>\n\n\n\n<div style=\"height:50px\" aria-hidden=\"true\" class=\"wp-block-spacer\"><\/div>\n\n\n\n<figure class=\"wp-block-gallery has-nested-images columns-default is-cropped wp-block-gallery-1 is-layout-flex wp-block-gallery-is-layout-flex\">\n<figure class=\"wp-block-image size-large\"><img decoding=\"async\" width=\"900\" height=\"675\" data-id=\"1624\" src=\"https:\/\/frenchbubble.fr\/wp-content\/uploads\/2025\/08\/chambre-avec-fenetre-lumineuse-REDIM-900x675.jpg\" alt=\"\" class=\"wp-image-1624\" srcset=\"https:\/\/frenchbubble.fr\/wp-content\/uploads\/2025\/08\/chambre-avec-fenetre-lumineuse-REDIM-900x675.jpg 900w, https:\/\/frenchbubble.fr\/wp-content\/uploads\/2025\/08\/chambre-avec-fenetre-lumineuse-REDIM-250x188.jpg 250w, https:\/\/frenchbubble.fr\/wp-content\/uploads\/2025\/08\/chambre-avec-fenetre-lumineuse-REDIM-768x576.jpg 768w, https:\/\/frenchbubble.fr\/wp-content\/uploads\/2025\/08\/chambre-avec-fenetre-lumineuse-REDIM-1140x855.jpg 1140w, https:\/\/frenchbubble.fr\/wp-content\/uploads\/2025\/08\/chambre-avec-fenetre-lumineuse-REDIM.jpg 1200w\" sizes=\"(max-width: 900px) 100vw, 900px\" \/><figcaption class=\"wp-element-caption\">chambre<\/figcaption><\/figure>\n\n\n\n<figure class=\"wp-block-image size-large\"><img loading=\"lazy\" decoding=\"async\" width=\"900\" height=\"675\" data-id=\"1625\" src=\"https:\/\/frenchbubble.fr\/wp-content\/uploads\/2025\/08\/Lit-dappoint-lumineux-REDIM-900x675.jpg\" alt=\"\" class=\"wp-image-1625\" srcset=\"https:\/\/frenchbubble.fr\/wp-content\/uploads\/2025\/08\/Lit-dappoint-lumineux-REDIM-900x675.jpg 900w, https:\/\/frenchbubble.fr\/wp-content\/uploads\/2025\/08\/Lit-dappoint-lumineux-REDIM-250x188.jpg 250w, https:\/\/frenchbubble.fr\/wp-content\/uploads\/2025\/08\/Lit-dappoint-lumineux-REDIM-768x576.jpg 768w, https:\/\/frenchbubble.fr\/wp-content\/uploads\/2025\/08\/Lit-dappoint-lumineux-REDIM-1140x855.jpg 1140w, https:\/\/frenchbubble.fr\/wp-content\/uploads\/2025\/08\/Lit-dappoint-lumineux-REDIM.jpg 1200w\" sizes=\"(max-width: 900px) 100vw, 900px\" \/><figcaption class=\"wp-element-caption\">lit convertible salon<\/figcaption><\/figure>\n<\/figure>\n\n\n\n<div style=\"height:50px\" aria-hidden=\"true\" class=\"wp-block-spacer\"><\/div>\n\n\n\n<p class=\"has-medium-font-size\">L\u2019appartement dispose d&rsquo;une chambre avec un <strong>lit double<\/strong> (140). La literie de haute qualit\u00e9 et les draps en percale de coton vous offriront un sommeil r\u00e9parateur.<\/p>\n\n\n\n<p class=\"has-medium-font-size\">Il est \u00e9galement possible de dormir dans la salon gr\u00e2ce au canap\u00e9 convertible qui se transforme en lit (140). Ces deux options de couchage vous permettront de venir accompagn\u00e9 d\u2019une autre personne. L&rsquo;appartement est id\u00e9al pour un couple ou deux amis voyageant ensemble. Les <strong>draps et serviettes de bains sont fournis<\/strong>.<\/p>\n\n\n\n<div style=\"height:50px\" aria-hidden=\"true\" class=\"wp-block-spacer\"><\/div>\n\n\n\n<figure class=\"wp-block-gallery has-nested-images columns-default is-cropped wp-block-gallery-2 is-layout-flex wp-block-gallery-is-layout-flex\">\n<figure class=\"wp-block-image size-large\"><img loading=\"lazy\" decoding=\"async\" width=\"900\" height=\"675\" data-id=\"1626\" src=\"https:\/\/frenchbubble.fr\/wp-content\/uploads\/2025\/08\/SDB-lumineuse-REDIM-900x675.jpg\" alt=\"\" class=\"wp-image-1626\" srcset=\"https:\/\/frenchbubble.fr\/wp-content\/uploads\/2025\/08\/SDB-lumineuse-REDIM-900x675.jpg 900w, https:\/\/frenchbubble.fr\/wp-content\/uploads\/2025\/08\/SDB-lumineuse-REDIM-250x188.jpg 250w, https:\/\/frenchbubble.fr\/wp-content\/uploads\/2025\/08\/SDB-lumineuse-REDIM-768x576.jpg 768w, https:\/\/frenchbubble.fr\/wp-content\/uploads\/2025\/08\/SDB-lumineuse-REDIM-1140x855.jpg 1140w, https:\/\/frenchbubble.fr\/wp-content\/uploads\/2025\/08\/SDB-lumineuse-REDIM.jpg 1200w\" sizes=\"(max-width: 900px) 100vw, 900px\" \/><\/figure>\n\n\n\n<figure class=\"wp-block-image size-large\"><img loading=\"lazy\" decoding=\"async\" width=\"900\" height=\"675\" data-id=\"1627\" src=\"https:\/\/frenchbubble.fr\/wp-content\/uploads\/2025\/08\/serviettes-lumineux-REDIM-900x675.jpg\" alt=\"\" class=\"wp-image-1627\" srcset=\"https:\/\/frenchbubble.fr\/wp-content\/uploads\/2025\/08\/serviettes-lumineux-REDIM-900x675.jpg 900w, https:\/\/frenchbubble.fr\/wp-content\/uploads\/2025\/08\/serviettes-lumineux-REDIM-250x188.jpg 250w, https:\/\/frenchbubble.fr\/wp-content\/uploads\/2025\/08\/serviettes-lumineux-REDIM-768x576.jpg 768w, https:\/\/frenchbubble.fr\/wp-content\/uploads\/2025\/08\/serviettes-lumineux-REDIM-1140x855.jpg 1140w, https:\/\/frenchbubble.fr\/wp-content\/uploads\/2025\/08\/serviettes-lumineux-REDIM.jpg 1200w\" sizes=\"(max-width: 900px) 100vw, 900px\" \/><\/figure>\n<\/figure>\n\n\n\n<div style=\"height:50px\" aria-hidden=\"true\" class=\"wp-block-spacer\"><\/div>\n\n\n\n<p class=\"has-medium-font-size\">Une salle de bains moderne avec douche est attenante \u00e0 la chambre. Elle dispose d&rsquo;un lave-linge.<\/p>\n\n\n\n<div style=\"height:100px\" aria-hidden=\"true\" class=\"wp-block-spacer\"><\/div>\n\n\n\n<h2 class=\"wp-block-heading\">O\u00f9 se situe-t-il ?<\/h2>\n\n\n\n<p class=\"has-medium-font-size\">L&rsquo;appartement se trouve en plein c\u0153ur du quartier historique de Pau avec vue sur le ch\u00e2teau et les Pyr\u00e9n\u00e9es. Son emplacement vous permettra d&rsquo;avoir acc\u00e8s \u00e0 toutes les commodit\u00e9s \u00e0 pied. Une navette gratuite dessert le centre-ville du lundi au samedi, ainsi que plusieurs lignes de bus de ville. Si vous le souhaitez, des v\u00e9los en location libre-service sont disponibles .<\/p>\n\n\n\n<p class=\"has-medium-font-size\">Si vous louez une voiture pendant votre s\u00e9jour, un parking public se trouve \u00e0 quelques pas de votre logement.<\/p>\n\n\n\n<div style=\"height:100px\" aria-hidden=\"true\" class=\"wp-block-spacer\"><\/div>\n\n\n\n<div class=\"wp-block-columns is-layout-flex wp-container-core-columns-is-layout-28f84493 wp-block-columns-is-layout-flex\">\n<div class=\"wp-block-column is-layout-flow wp-block-column-is-layout-flow\" style=\"flex-basis:100%\"><\/div>\n<\/div>\n\n\n\n<h2 class=\"wp-block-heading\">Informations utiles<\/h2>\n\n\n\n<p class=\"has-medium-font-size\">J&rsquo;habite non loin de l\u00e0, dans un quartier r\u00e9sidentiel \u00e0 l&rsquo;ext\u00e9rieur du centre-ville (une quinzaine de minutes \u00e0 pied). Je vous accueillerai parfois pour les cours et pour le d\u00e9jeuner partag\u00e9 le vendredi.<\/p>\n\n\n\n<p class=\"has-medium-font-size\">Les animaux de compagnie ne sont malheureusement pas autoris\u00e9s dans le logement.<\/p>\n\n\n\n<p class=\"has-medium-font-size\">Il y a un acc\u00e8s internet wifi haut d\u00e9bit gr\u00e2ce \u00e0 la fibre optique.<\/p>\n\n\n\n<div style=\"height:100px\" aria-hidden=\"true\" class=\"wp-block-spacer\"><\/div>\n","protected":false},"excerpt":{"rendered":"<p>Bienvenue au c\u0153ur du centre historique de Pau, face au ch\u00e2teau du Roi Henri IV, o\u00f9 tout se d\u00e9couvre \u00e0 pied. Cet appartement a \u00e9t\u00e9 soigneusement r\u00e9nov\u00e9 pour vous offrir le confort d&rsquo;une suite d&rsquo;h\u00f4tel.&nbsp;Venez profiter d&rsquo;une literie haut de gamme pour vous reposer. Fl\u00e2nez dans les ruelles pi\u00e9tonnes, riches en arts et en histoire, o\u00f9 les amateurs de bonne ch\u00e8re seront combl\u00e9s. Profitez d&rsquo;une proximit\u00e9 imm\u00e9diate avec la gare, d&rsquo;un parking \u00e0 200m, et de l&rsquo;acc\u00e8s direct aux quartiers les plus pris\u00e9s de Pau. Comment est \u00e9quip\u00e9 le logement ? Durant votre s\u00e9jour, vous disposerez d&rsquo;un logement ind\u00e9pendant. C&rsquo;est un appartement de 40 m2 avec cuisine et salle de bains, situ\u00e9 au troisi\u00e8me \u00e9tage d&rsquo;un b\u00e2timent du XIX\u00e8me si\u00e8cle. L&rsquo;ascenseur vous facilitera son acc\u00e8s, notamment lors de votre d\u00e9part et de votre arriv\u00e9e avec vos bagages. La cuisine est enti\u00e8rement \u00e9quip\u00e9e avec tout le n\u00e9cessaire pour pr\u00e9parer vos repas si vous le souhaitez : machine \u00e0 caf\u00e9 Nespresso, bouilloire, grille-pain, lave-vaisselle, four, micro-ondes, verres \u00e0 vin, tire-bouchon et tous les ustensiles n\u00e9cessaires. Vous pourrez \u00e9galement ne pas vous embarrasser si vous n\u2019aimez pas cuisiner car il y a un large choix de restaurants dans les alentours. L\u2019appartement dispose d&rsquo;une chambre avec un lit double (140). La literie de haute qualit\u00e9 et les draps en percale de coton vous offriront un sommeil r\u00e9parateur. Il est \u00e9galement possible de dormir dans la salon gr\u00e2ce au canap\u00e9 convertible qui se transforme en lit (140). Ces deux options de couchage vous permettront de venir accompagn\u00e9 d\u2019une autre personne. L&rsquo;appartement est id\u00e9al pour un couple ou deux amis voyageant ensemble. Les draps et serviettes de bains sont fournis. Une salle de bains moderne avec douche est attenante \u00e0 la chambre. Elle dispose d&rsquo;un lave-linge. O\u00f9 se situe-t-il ? L&rsquo;appartement se trouve en plein c\u0153ur du quartier historique de Pau avec vue sur le ch\u00e2teau et les Pyr\u00e9n\u00e9es. Son emplacement vous permettra d&rsquo;avoir acc\u00e8s \u00e0 toutes les commodit\u00e9s \u00e0 pied. Une navette gratuite dessert le centre-ville du lundi au samedi, ainsi que plusieurs lignes de bus de ville. Si vous le souhaitez, des v\u00e9los en location libre-service sont disponibles . Si vous louez une voiture pendant votre s\u00e9jour, un parking public se trouve \u00e0 quelques pas de votre logement. Informations utiles J&rsquo;habite non loin de l\u00e0, dans un quartier r\u00e9sidentiel \u00e0 l&rsquo;ext\u00e9rieur du centre-ville (une quinzaine de minutes \u00e0 pied). Je vous accueillerai parfois pour les cours et pour le d\u00e9jeuner partag\u00e9 le vendredi. Les animaux de compagnie ne sont malheureusement pas autoris\u00e9s dans le logement. Il y a un acc\u00e8s internet wifi haut d\u00e9bit gr\u00e2ce \u00e0 la fibre optique.<\/p>\n","protected":false},"author":1,"featured_media":0,"parent":0,"menu_order":0,"comment_status":"closed","ping_status":"closed","template":"","meta":{"footnotes":""},"class_list":["post-58","page","type-page","status-publish","hentry"],"yoast_head":"<!-- This site is optimized with the Yoast SEO plugin v27.3 - https:\/\/yoast.com\/product\/yoast-seo-wordpress\/ -->\n<title>votre logement ind\u00e9pendant lors de votre s\u00e9jour en immersion<\/title>\n<meta name=\"description\" content=\"Votre logement situ\u00e9 au c\u0153ur du centre historique de Pau a \u00e9t\u00e9 soigneusement r\u00e9nov\u00e9 pour vous offrir le confort d&#039;une suite d&#039;h\u00f4tel.\" \/>\n<meta name=\"robots\" content=\"index, follow, max-snippet:-1, max-image-preview:large, max-video-preview:-1\" \/>\n<link rel=\"canonical\" href=\"https:\/\/frenchbubble.fr\/index.php\/le-logement\/\" \/>\n<meta property=\"og:locale\" content=\"fr_FR\" \/>\n<meta property=\"og:type\" content=\"article\" \/>\n<meta property=\"og:title\" content=\"votre logement ind\u00e9pendant lors de votre s\u00e9jour en immersion\" \/>\n<meta property=\"og:description\" content=\"Votre logement situ\u00e9 au c\u0153ur du centre historique de Pau a \u00e9t\u00e9 soigneusement r\u00e9nov\u00e9 pour vous offrir le confort d&#039;une suite d&#039;h\u00f4tel.\" \/>\n<meta property=\"og:url\" content=\"https:\/\/frenchbubble.fr\/index.php\/le-logement\/\" \/>\n<meta property=\"article:publisher\" content=\"https:\/\/www.facebook.com\/profile.php?id=61555671493048\" \/>\n<meta property=\"article:modified_time\" content=\"2025-09-04T12:07:43+00:00\" \/>\n<meta property=\"og:image\" content=\"https:\/\/frenchbubble.fr\/wp-content\/uploads\/2025\/08\/La-Vue-Royale-PAU-salon-.jpg\" \/>\n\t<meta property=\"og:image:width\" content=\"1371\" \/>\n\t<meta property=\"og:image:height\" content=\"774\" \/>\n\t<meta property=\"og:image:type\" content=\"image\/jpeg\" \/>\n<meta name=\"twitter:card\" content=\"summary_large_image\" \/>\n<meta name=\"twitter:label1\" content=\"Dur\u00e9e de lecture estim\u00e9e\" \/>\n\t<meta name=\"twitter:data1\" content=\"4 minutes\" \/>\n<script type=\"application\/ld+json\" class=\"yoast-schema-graph\">{\"@context\":\"https:\\\/\\\/schema.org\",\"@graph\":[{\"@type\":\"WebPage\",\"@id\":\"https:\\\/\\\/frenchbubble.fr\\\/index.php\\\/le-logement\\\/\",\"url\":\"https:\\\/\\\/frenchbubble.fr\\\/index.php\\\/le-logement\\\/\",\"name\":\"votre logement ind\u00e9pendant lors de votre s\u00e9jour en immersion\",\"isPartOf\":{\"@id\":\"https:\\\/\\\/frenchbubble.fr\\\/#website\"},\"primaryImageOfPage\":{\"@id\":\"https:\\\/\\\/frenchbubble.fr\\\/index.php\\\/le-logement\\\/#primaryimage\"},\"image\":{\"@id\":\"https:\\\/\\\/frenchbubble.fr\\\/index.php\\\/le-logement\\\/#primaryimage\"},\"thumbnailUrl\":\"https:\\\/\\\/frenchbubble.fr\\\/wp-content\\\/uploads\\\/2025\\\/08\\\/La-Vue-Royale-PAU-salon--900x508.jpg\",\"datePublished\":\"2024-01-11T13:18:15+00:00\",\"dateModified\":\"2025-09-04T12:07:43+00:00\",\"description\":\"Votre logement situ\u00e9 au c\u0153ur du centre historique de Pau a \u00e9t\u00e9 soigneusement r\u00e9nov\u00e9 pour vous offrir le confort d'une suite d'h\u00f4tel.\",\"breadcrumb\":{\"@id\":\"https:\\\/\\\/frenchbubble.fr\\\/index.php\\\/le-logement\\\/#breadcrumb\"},\"inLanguage\":\"fr-FR\",\"potentialAction\":[{\"@type\":\"ReadAction\",\"target\":[\"https:\\\/\\\/frenchbubble.fr\\\/index.php\\\/le-logement\\\/\"]}]},{\"@type\":\"ImageObject\",\"inLanguage\":\"fr-FR\",\"@id\":\"https:\\\/\\\/frenchbubble.fr\\\/index.php\\\/le-logement\\\/#primaryimage\",\"url\":\"https:\\\/\\\/frenchbubble.fr\\\/wp-content\\\/uploads\\\/2025\\\/08\\\/La-Vue-Royale-PAU-salon-.jpg\",\"contentUrl\":\"https:\\\/\\\/frenchbubble.fr\\\/wp-content\\\/uploads\\\/2025\\\/08\\\/La-Vue-Royale-PAU-salon-.jpg\",\"width\":1371,\"height\":774},{\"@type\":\"BreadcrumbList\",\"@id\":\"https:\\\/\\\/frenchbubble.fr\\\/index.php\\\/le-logement\\\/#breadcrumb\",\"itemListElement\":[{\"@type\":\"ListItem\",\"position\":1,\"name\":\"Accueil\",\"item\":\"https:\\\/\\\/frenchbubble.fr\\\/\"},{\"@type\":\"ListItem\",\"position\":2,\"name\":\"Le logement\"}]},{\"@type\":\"WebSite\",\"@id\":\"https:\\\/\\\/frenchbubble.fr\\\/#website\",\"url\":\"https:\\\/\\\/frenchbubble.fr\\\/\",\"name\":\"French Bubble immersion\",\"description\":\"\",\"publisher\":{\"@id\":\"https:\\\/\\\/frenchbubble.fr\\\/#organization\"},\"alternateName\":\"French Bubble\",\"potentialAction\":[{\"@type\":\"SearchAction\",\"target\":{\"@type\":\"EntryPoint\",\"urlTemplate\":\"https:\\\/\\\/frenchbubble.fr\\\/?s={search_term_string}\"},\"query-input\":{\"@type\":\"PropertyValueSpecification\",\"valueRequired\":true,\"valueName\":\"search_term_string\"}}],\"inLanguage\":\"fr-FR\"},{\"@type\":\"Organization\",\"@id\":\"https:\\\/\\\/frenchbubble.fr\\\/#organization\",\"name\":\"French Bubble\",\"url\":\"https:\\\/\\\/frenchbubble.fr\\\/\",\"logo\":{\"@type\":\"ImageObject\",\"inLanguage\":\"fr-FR\",\"@id\":\"https:\\\/\\\/frenchbubble.fr\\\/#\\\/schema\\\/logo\\\/image\\\/\",\"url\":\"https:\\\/\\\/frenchbubble.fr\\\/wp-content\\\/uploads\\\/2023\\\/11\\\/Capture-decran-2023-11-09-a-14.48.19.png\",\"contentUrl\":\"https:\\\/\\\/frenchbubble.fr\\\/wp-content\\\/uploads\\\/2023\\\/11\\\/Capture-decran-2023-11-09-a-14.48.19.png\",\"width\":958,\"height\":920,\"caption\":\"French Bubble\"},\"image\":{\"@id\":\"https:\\\/\\\/frenchbubble.fr\\\/#\\\/schema\\\/logo\\\/image\\\/\"},\"sameAs\":[\"https:\\\/\\\/www.facebook.com\\\/profile.php?id=61555671493048\",\"https:\\\/\\\/www.instagram.com\\\/frenchbubble.immersion\\\/?igsh=MWp4Y29wanRwN3Q5MA\"]}]}<\/script>\n<!-- \/ Yoast SEO plugin. -->","yoast_head_json":{"title":"votre logement ind\u00e9pendant lors de votre s\u00e9jour en immersion","description":"Votre logement situ\u00e9 au c\u0153ur du centre historique de Pau a \u00e9t\u00e9 soigneusement r\u00e9nov\u00e9 pour vous offrir le confort d'une suite d'h\u00f4tel.","robots":{"index":"index","follow":"follow","max-snippet":"max-snippet:-1","max-image-preview":"max-image-preview:large","max-video-preview":"max-video-preview:-1"},"canonical":"https:\/\/frenchbubble.fr\/index.php\/le-logement\/","og_locale":"fr_FR","og_type":"article","og_title":"votre logement ind\u00e9pendant lors de votre s\u00e9jour en immersion","og_description":"Votre logement situ\u00e9 au c\u0153ur du centre historique de Pau a \u00e9t\u00e9 soigneusement r\u00e9nov\u00e9 pour vous offrir le confort d'une suite d'h\u00f4tel.","og_url":"https:\/\/frenchbubble.fr\/index.php\/le-logement\/","article_publisher":"https:\/\/www.facebook.com\/profile.php?id=61555671493048","article_modified_time":"2025-09-04T12:07:43+00:00","og_image":[{"width":1371,"height":774,"url":"https:\/\/frenchbubble.fr\/wp-content\/uploads\/2025\/08\/La-Vue-Royale-PAU-salon-.jpg","type":"image\/jpeg"}],"twitter_card":"summary_large_image","twitter_misc":{"Dur\u00e9e de lecture estim\u00e9e":"4 minutes"},"schema":{"@context":"https:\/\/schema.org","@graph":[{"@type":"WebPage","@id":"https:\/\/frenchbubble.fr\/index.php\/le-logement\/","url":"https:\/\/frenchbubble.fr\/index.php\/le-logement\/","name":"votre logement ind\u00e9pendant lors de votre s\u00e9jour en immersion","isPartOf":{"@id":"https:\/\/frenchbubble.fr\/#website"},"primaryImageOfPage":{"@id":"https:\/\/frenchbubble.fr\/index.php\/le-logement\/#primaryimage"},"image":{"@id":"https:\/\/frenchbubble.fr\/index.php\/le-logement\/#primaryimage"},"thumbnailUrl":"https:\/\/frenchbubble.fr\/wp-content\/uploads\/2025\/08\/La-Vue-Royale-PAU-salon--900x508.jpg","datePublished":"2024-01-11T13:18:15+00:00","dateModified":"2025-09-04T12:07:43+00:00","description":"Votre logement situ\u00e9 au c\u0153ur du centre historique de Pau a \u00e9t\u00e9 soigneusement r\u00e9nov\u00e9 pour vous offrir le confort d'une suite d'h\u00f4tel.","breadcrumb":{"@id":"https:\/\/frenchbubble.fr\/index.php\/le-logement\/#breadcrumb"},"inLanguage":"fr-FR","potentialAction":[{"@type":"ReadAction","target":["https:\/\/frenchbubble.fr\/index.php\/le-logement\/"]}]},{"@type":"ImageObject","inLanguage":"fr-FR","@id":"https:\/\/frenchbubble.fr\/index.php\/le-logement\/#primaryimage","url":"https:\/\/frenchbubble.fr\/wp-content\/uploads\/2025\/08\/La-Vue-Royale-PAU-salon-.jpg","contentUrl":"https:\/\/frenchbubble.fr\/wp-content\/uploads\/2025\/08\/La-Vue-Royale-PAU-salon-.jpg","width":1371,"height":774},{"@type":"BreadcrumbList","@id":"https:\/\/frenchbubble.fr\/index.php\/le-logement\/#breadcrumb","itemListElement":[{"@type":"ListItem","position":1,"name":"Accueil","item":"https:\/\/frenchbubble.fr\/"},{"@type":"ListItem","position":2,"name":"Le logement"}]},{"@type":"WebSite","@id":"https:\/\/frenchbubble.fr\/#website","url":"https:\/\/frenchbubble.fr\/","name":"French Bubble immersion","description":"","publisher":{"@id":"https:\/\/frenchbubble.fr\/#organization"},"alternateName":"French Bubble","potentialAction":[{"@type":"SearchAction","target":{"@type":"EntryPoint","urlTemplate":"https:\/\/frenchbubble.fr\/?s={search_term_string}"},"query-input":{"@type":"PropertyValueSpecification","valueRequired":true,"valueName":"search_term_string"}}],"inLanguage":"fr-FR"},{"@type":"Organization","@id":"https:\/\/frenchbubble.fr\/#organization","name":"French Bubble","url":"https:\/\/frenchbubble.fr\/","logo":{"@type":"ImageObject","inLanguage":"fr-FR","@id":"https:\/\/frenchbubble.fr\/#\/schema\/logo\/image\/","url":"https:\/\/frenchbubble.fr\/wp-content\/uploads\/2023\/11\/Capture-decran-2023-11-09-a-14.48.19.png","contentUrl":"https:\/\/frenchbubble.fr\/wp-content\/uploads\/2023\/11\/Capture-decran-2023-11-09-a-14.48.19.png","width":958,"height":920,"caption":"French Bubble"},"image":{"@id":"https:\/\/frenchbubble.fr\/#\/schema\/logo\/image\/"},"sameAs":["https:\/\/www.facebook.com\/profile.php?id=61555671493048","https:\/\/www.instagram.com\/frenchbubble.immersion\/?igsh=MWp4Y29wanRwN3Q5MA"]}]}},"_links":{"self":[{"href":"https:\/\/frenchbubble.fr\/index.php\/wp-json\/wp\/v2\/pages\/58","targetHints":{"allow":["GET"]}}],"collection":[{"href":"https:\/\/frenchbubble.fr\/index.php\/wp-json\/wp\/v2\/pages"}],"about":[{"href":"https:\/\/frenchbubble.fr\/index.php\/wp-json\/wp\/v2\/types\/page"}],"author":[{"embeddable":true,"href":"https:\/\/frenchbubble.fr\/index.php\/wp-json\/wp\/v2\/users\/1"}],"replies":[{"embeddable":true,"href":"https:\/\/frenchbubble.fr\/index.php\/wp-json\/wp\/v2\/comments?post=58"}],"version-history":[{"count":26,"href":"https:\/\/frenchbubble.fr\/index.php\/wp-json\/wp\/v2\/pages\/58\/revisions"}],"predecessor-version":[{"id":1666,"href":"https:\/\/frenchbubble.fr\/index.php\/wp-json\/wp\/v2\/pages\/58\/revisions\/1666"}],"wp:attachment":[{"href":"https:\/\/frenchbubble.fr\/index.php\/wp-json\/wp\/v2\/media?parent=58"}],"curies":[{"name":"wp","href":"https:\/\/api.w.org\/{rel}","templated":true}]}}